 common factor of 2154324 and 36.
12
What is the highest common divisor of 1518 and 88?
22
What is the greatest common divisor of 309152 and 40?
8
Calculate the highest common factor of 516 and 1239604.
172
What is the greatest common divisor of 3338699 and 133?
133
What is the highest common divisor of 630 and 3030?
30
Calculate the highest common divisor of 612 and 15691.
17
Calculate the greatest common factor of 798235 and 340.
85
What is the greatest common divisor of 11319 and 2303?
49
Calculate the highest common divisor of 79005 and 138.
69
Calculate the highest common divisor of 70 and 9485.
35
Calculate the greatest common divisor of 104694 and 132.
6
Calculate the highest common divisor of 114 and 331778.
38
What is the highest common divisor of 4565 and 83?
83
Calculate the highest common factor of 6353164 and 172.
172
What is the highest common factor of 2418858 and 1170?
234
What is the highest common divisor of 3742281 and 1269?
1269
Calculate the greatest common divisor of 1189 and 15539.
41
What is the highest common divisor of 29 and 3644807?
29
What is the greatest common factor of 830832 and 36?
12
Calculate the highest common divisor of 903926 and 1096.
274
Calculate the greatest common factor of 1995 and 513.
57
Calculate the highest common factor of 211 and 27008.
211
What is the greatest common divisor of 338 and 133432?
26
What is the greatest common divisor of 1152 and 2097?
9
Calculate the highest common factor of 14 and 415674.
14
Calculate the greatest common factor of 46 and 14115790.
46
Calculate the greatest common factor of 1024782 and 66.
66
What is the highest common factor of 545012 and 1598?
94
Calculate the highest common divisor of 6751 and 1075.
43
What is the highest common divisor of 1863 and 299?
23
Calculate the greatest common divisor of 2555 and 20662285.
2555
Calculate the greatest common factor of 31 and 1782283.
31
Calculate the highest common divisor of 1162 and 4522.
14
Calculate the greatest common factor of 268994 and 22.
22
What is the highest common divisor of 348 and 923556?
12
What is the highest common factor of 154988 and 108?
4
Calculate the highest common factor of 39440 and 850.
170
What is the greatest common factor of 1260948 and 858?
78
Calculate the highest common factor of 12844 and 49348.
676
Calculate the highest common divisor of 8436 and 31413.
111
Calculate the highest common factor of 130884 and 156.
156
Calculate the greatest common factor of 94 and 7614.
94
What is the highest common factor of 684 and 3819?
57
What is the greatest common divisor of 97945 and 931?
19
What is the greatest common factor of 142 and 132557?
71
Calculate the highest common divisor of 160632 and 3104.
776
What is the highest common divisor of 1719332 and 1603?
229
Calculate the greatest common divisor of 1294 and 3694.
2
What is the highest common divisor of 1692102 and 114?
114
What is the highest common factor of 31499 and 156?
13
What is the highest common factor of 301 and 259?
7
Calculate the greatest common factor of 2 and 1207874.
2
Calculate the highest common divisor of 1610 and 671230.
70
What is the greatest common factor of 139 and 953540?
139
What is the greatest common divisor of 484 and 842644?
484
Calculate the highest common divisor of 21720 and 3.
3
What is the highest common factor of 405412 and 28?
28
What is the greatest common divisor of 3720 and 4440?
120
Calculate the highest common factor of 732 and 540.
12
Calculate the highest common factor of 38622 and 246.
246
Calculate the highest common divisor of 130 and 590.
10
What is the highest common factor of 148 and 1224182?
74
What is the greatest common divisor of 300 and 1397850?
150
What is the greatest common divisor of 1789369 and 10251?
1139
What is the greatest common divisor of 25088 and 88?
8
What is the highest common factor of 6668066 and 148?
74
What is the highest common divisor of 1287 and 3925779?
429
What is the highest common factor of 1006 and 68911?
503
Calculate the highest common divisor of 589040 and 30845.
995
What is the greatest common factor of 56 and 5871404?
28
Calculate the greatest common factor of 1147704 and 272.
136
Calculate the highest common factor of 119493 and 32021.
781
Calculate the greatest common factor of 78689 and 13.
13
What is the highest common factor of 91260 and 1365?
195
Calculate the highest common divisor of 7037 and 4994.
227
Calculate the greatest common divisor of 18720564 and 12.
12
Calculate the greatest common factor of 552 and 2904.
24
What is the greatest common divisor of 468861 and 3771?
1257
Calculate the greatest common factor of 1183 and 553.
7
What is the highest common divisor of 577121 and 183?
61
What is the greatest common divisor of 49941 and 4929?
93
What is the highest common divisor of 6322 and 2842?
58
What is the greatest common factor of 504928 and 32?
32
Calculate the highest common divisor of 2535183 and 63.
63
Calculate the greatest common divisor of 2756 and 15476.
212
Calculate the highest common divisor of 688506 and 291.
291
What is the greatest common factor of 799 and 629?
17
What is the greatest common divisor of 2052 and 570969?
513
Calculate the highest common factor of 553 and 12877.
79
What is the highest common factor of 4023 and 1476?
9
What is the highest common divisor of 259 and 34209?
7
What is the highest common factor of 13946 and 722?
38
What is the highest common factor of 1000 and 201750?
250
What is the highest common divisor of 166 and 894574?
166
Calculate the highest common factor of 86504 and 15400.
88
What is the highest common factor of 26 and 11596?
26
What is the highest common factor of 36 and 95184?
36
What is the highest common factor of 884 and 1802?
34
Calculate the greatest common factor of 45 and 182505.
15
What is the greatest common factor of 57 and 57513?
57
What is the greatest common factor of 334287 and 54?
27
What is the greatest common factor of 2905 and 1256205?
415
Calculate the greatest common divisor of 315 and 97965.
315
Calculate the highest common divisor of 744 and 38502.
186
Calculate the greatest common divisor of 2 and 1214.
2
What is the highest common divisor of 2001 and 7221?
87
Calculate the highest common factor of 355 and 784621.
71
Calculate the highest common factor of 290 and 14964.
58
What is the greatest common factor of 385 and 14140?
35
What is the highest common divisor of 63270 and 36?
18
What is the highest common factor of 34554 and 234?
78
What is the greatest common factor of 416 and 4480?
32
What is the highest common factor of 31928 and 338?
26
Calculate the highest common divisor of 17 and 182597.
17
Calculate the highest common divisor of 12411 and 15813.
63
Calculate the highest common factor of 576 and 4416.
192
What is the highest common divisor of 66511 and 98741?
293
What is the highest common divisor of 460 and 28660?
20
Calculate the highest common factor of 144480 and 20.
20
Calculate the greatest common factor of 815 and 93399.
163
Calculate the highest common factor of 33 and 28523.
11
Calculate the greatest common factor of 186 and 4557.
93
Calculate the highest common divisor of 82551 and 315.
21
Calculate the greatest common factor of 28 and 92.
4
What is the highest common divisor of 13 and 10636795?
13
Calculate the highest common factor of 22 and 435688.
22
Calculate the highest common factor of 4178640 and 480.
240
Calculate the highest common factor of 5896 and 64504.
88
Calculate the greatest common divisor of 3736 and 1544.
8
What is the highest common factor of 904 and 48776?
8
Calculate the highest common divisor of 3918 and 534.
6
What is the greatest common factor of 5754 and 12138?
42
Calculate the greatest common divisor of 450 and 9162.
18
What is the highest common factor of 10921 and 6031?
163
What is the highest common divisor of 605 and 88165?
55
Calculate the highest common factor of 84549 and 3.
3
What is the greatest common factor of 92672 and 128?
128
What is the greatest common factor of 9 and 1191084?
3
Calculate the greatest common divisor of 91 and 91845.
13
Calculate the greatest common factor of 5187 and 1778.
7
What is the highest common factor of 269880 and 845?
65
Calculate the greatest common factor of 456 and 5222